 Suppose 5*f = -j + 246, -4*j - 34 = -f - z*j. What is the greatest common factor of 200 and f?
50
Let h be ((-4800)/(-375))/(2 - (-1096)/(-550)). Calculate the highest common factor of 330 and h.
110
Let d = 816 + -827. Let p(h) = h + 134. Let q be p(d). What is the greatest common divisor of 164 and q?
41
Let x = 2044 + -1061. Let r = -648 + x. Calculate the greatest common divisor of 67 and r.
67
Let s(k) = 199*k - 6304. Let r be s(32). What is the greatest common divisor of r and 2976?
32
Suppose 8*f - 1107 = -323. Let u(b) = b**3 + 9*b**2 + 8*b - 4. Let w be u(-6). Suppose -4*c + w = -0*c. Calculate the highest common factor of f and c.
14
Suppose 0 = -2*b - n + 271, 4*b = -73*n + 76*n + 537. Calculate the greatest common factor of b and 855.
45
Let k(f) = -4*f + 150. Let o be k(32). Suppose 0 = -3*h + 3*b + 33, -o*h - 5*b = -19*h - 57. Calculate the highest common divisor of h and 42.
14
Let p = -28045 + 48912. Calculate the greatest common factor of p and 154.
77
Suppose -280 = -5*u - 70. Let h = u - -33. Suppose -y = 3*a - 3*y - 158, 88 = 2*a + 3*y. Calculate the greatest common divisor of a and h.
25
Let c(s) = 14*s**2 - 16*s - 13. Let w(z) = -12*z**2 + 15*z + 12. Let r(f) = -5*c(f) - 6*w(f). Let y be r(9). Calculate the highest common divisor of 13 and y.
13
Let y = 2271 + 262. What is the greatest common factor of y and 298?
149
Let p(u) = 2*u**2 - 30*u + 55. Let f be p(14). Let g = f + 39. Calculate the greatest common factor of g and 6.
6
Let x(v) = -v**3 - 6*v**2 + 47*v - 118. Let a be x(-14). Calculate the highest common divisor of 1089 and a.
99
Suppose -3*j = 9*h - 10*h + 62, 0 = 2*j + 10. Suppose 4915 + 4955 = h*v. Calculate the greatest common divisor of 90 and v.
30
Let h be -6 + (7 - (-4)/(-12)*-753). Calculate the greatest common divisor of 420 and h.
84
Let v(p) = p**3 + 2*p - 9. Let u be v(4). Let a be (-1796)/18 + (-14)/u. Let z = 261 + a. What is the highest common factor of z and 23?
23
Suppose -n = -a + 4*n + 10, 2*a - 4*n - 14 = 0. Suppose -6*r + a*r + 374 = 0. Suppose 10*v - 11*v + r = 0. What is the highest common factor of v and 34?
34
Let m be (-2 + 1)*7/(-1). Let t(j) = 69*j + 59. Let b be t(8). Suppose -5*g + b = 576. What is the highest common factor of m and g?
7
Let q = -43 - -49. Suppose 3*u + 15 = 3*y, 4*y + 5 = 5*u - q*u. Suppose 5*f + y + 1 = w, 0 = w - 2*f - 4. Calculate the greatest common divisor of w and 6.
6
Suppose 5*x = 3*a - 7216 - 1959, -4*x = -3*a + 9176. What is the greatest common factor of a and 108?
36
Suppose -h = 5*b - 8116, -25*b - 3*h = -22*b - 4860. Calculate the greatest common factor of 87 and b.
29
Let b be 2/12 - 39/18. Let o be (12/18 + b)*3. Let i be 1/o + 3208/32. Calculate the highest common factor of 150 and i.
50
Suppose 4*t = 5*t - 2*q - 3, t - 12 = 5*q. Let n(h) = 47*h**2 - 11*h - 15. Let u be n(t). Calculate the greatest common factor of u and 49.
49
Suppose -34*n = -106*n + 17496. What is the highest common divisor of 27 and n?
27
Suppose 27*h + h = 560. Suppose -7*z + 6*z + 410 = 0. Calculate the highest common factor of z and h.
10
Let y = -694 - -1342. Let l be 30/(-9)*y/(-45). What is the highest common divisor of l and 8?
8
Let b be (-14)/10*(-10 - -5). Suppose 0 = -b*a + 158 + 1312. What is the highest common factor of a and 120?
30
Let g(f) = -f**2 + 83*f - 420. Let h be g(76). What is the greatest common factor of 203 and h?
7
Let g = -41 - -49. Let x be (-12)/g - -2*(-826)/(-8). Suppose 4*y - 141 = -3*f + y, 5*y + x = 5*f. What is the greatest common factor of f and 4?
4
Let h(f) = 3*f**2 - 41*f + 146. Let q be h(13). Calculate the greatest common divisor of q and 150.
30
Suppose -26*v = -68*v - 106*v + 15836. Calculate the greatest common factor of v and 2675.
107
Let v be (-10)/(180/117)*-228. Calculate the highest common divisor of v and 78.
78
Let z be 31 + -1 + -14 + (-2 - -6). What is the highest common factor of z and 38820?
20
Suppose -7*x - 34 + 45 = -31. Calculate the greatest common divisor of x and 117.
3
Let q be 5/(-15)*(6 + -12 - 90). Let z = 0 - -2. Suppose -4*y - 40 = -3*r, z*r - 3*y = -7*y. What is the highest common divisor of q and r?
8
Suppose 393 = j + 3*k, -k - 74 - 1511 = -4*j. What is the highest common divisor of j and 1764?
36
Let b = -163 - -168. Suppose 0 = -4*r - 0*r - 3*z + 81, -5*r = b*z - 100. Calculate the greatest common factor of 189 and r.
21
Let q(i) = -91*i + 824. Let c be q(8). Let f be 24/(-20)*(-420)/(-2). Let n = -12 - f. What is the greatest common factor of n and c?
48
Suppose 5537 = 5*h + o, -h - 22*o + 27*o + 1097 = 0. What is the greatest common factor of h and 697?
41
Let j(n) = 5*n**2 + 46*n + 136. Let p be j(-14). What is the greatest common divisor of 24 and p?
8
Suppose -2*j + 6*j = -j. Suppose j = 22*w - 9*w - 78. Let z be (-9)/w*8*-1. Calculate the greatest common divisor of 12 and z.
12
Suppose 60 = 5*f - 5*g, 2*g - 30 - 16 = -5*f. What is the highest common factor of 945 and f?
5
Let f = 5344 + -5337. Suppose 3*v - 4 = 2*v. Suppose 0 = q - a - 52, -q + 6*a + 55 = v*a. Calculate the greatest common factor of q and f.
7
Let m = -245 - -248. Suppose u + 2*q - 99 = -2*u, m*u + q - 102 = 0. Calculate the highest common divisor of u and 455.
35
Suppose -84*l - 1547 = -187*l + 90*l. Calculate the greatest common factor of 3808 and l.
119
Let x be (0/(-2) - 4)*1296/(-192). Suppose -x*w + 21*w + 42 = 0. Calculate the greatest common divisor of w and 840.
7
Let b be 5 - 1 - (-660)/15. Let v(r) = 44*r**2 - 2*r - 4. Let i be v(2). What is the greatest common divisor of b and i?
24
Let f be 10*(-1 - 1/(-2)). Let k = 25 + f. Suppose -293*l + 423*l = 5200. Calculate the greatest common factor of k and l.
20
Suppose 4399 = 34*n + 1135. Calculate the highest common factor of 1584 and n.
48
Suppose 3*v - 40 = -v - 4*s, 2*v - 17 = -s. Let q(f) = 7*f - 6. Let h be q(5). Suppose -13 - h = -2*o. Calculate the greatest common divisor of o and v.
7
Let b be (-65)/(-4) - 27/(-36). Suppose 2*g - 16 = 12*w - b*w, -g - 4*w = -5. Calculate the greatest common divisor of g and 143.
13
Suppose 5*n + 5*f = -1065 + 4770, f = 5*n - 3687. What is the highest common divisor of 162 and n?
18
Let l(h) = -h**3 + 23*h**2 - 65*h - 65. Let m be l(19). What is the highest common divisor of m and 414?
18
Let u be 104/18 - 4/(-18). Suppose -3965*z + 3963*z = -78. Calculate the highest common factor of z and u.
3
Let y = -8 - -19. Suppose -y + 23 = 4*u. Suppose w - 2 = u. Calculate the greatest common factor of w and 1.
1
Let w = 6269 + -5677. Calculate the greatest common factor of w and 16.
16
Let u be -136 + 154 + (0 - 16). Let v be (138/(-4))/((-6)/8). Calculate the highest common factor of u and v.
2
Suppose -5*d = -0*d - 15. Suppose u - 2*h = 117, -h + 0*h = d*u - 351. What is the highest common divisor of u and 156?
39
Let p = -139 - -141. Suppose -5 = -l, -3*b - p*l + 19 + 27 = 0. Calculate the highest common divisor of b and 3.
3
Suppose 2*f = -3*p + 21, 3*f - 3 = 4*p + 3. Suppose 0 = -3*k + 6*k - 45. Suppose f*a - k = 5*a. Calculate the highest common divisor of 3 and a.
3
Let m(v) = -102*v + 3332. Let z be m(19). Calculate the greatest common divisor of z and 123.
41
Suppose 248*y - 1052880 = 74*y - 72*y. What is the greatest common divisor of y and 80?
40
Let q(t) = -38*t + 3008. Let x be q(-38). What is the greatest common factor of x and 28?
28
Let u(g) = -9*g**2 - 70*g - 26. Let w be u(-6). Calculate the greatest common divisor of 9100 and w.
70
Suppose 0*h = 2*h - 28. Let a = -135 - -465. Suppose -16*j + 230 = -a. What is the greatest common factor of h and j?
7
Suppose 5*r = 6*r. Let j = 19 - r. Suppose 17*x + 14 = j*x. Calculate the highest common divisor of 28 and x.
7
Let r be 159 - (4/(-2))/2. Let s(b) = -b**3 + 2*b**2 - 1. Let w be s(-1). Suppose -w*k - k = -60. What is the highest common divisor of r and k?
20
Let z be (2 + 10/(-4))/((-6)/420). Let c(u) = -4*u - 45. Let x be c(-15). What is the greatest common divisor of x and z?
5
Let i(s) = 23*s - 3. Let a be i(1). Let j = -28 - -29. Let k be (226 - 4) + (-1 - j). Calculate the highest common divisor of k and a.
20
Suppose -p = p - 84. Suppose 43*i - 81*i + 11*i + 756 = 0. What is the highest common factor of i and p?
14
Let p = -87 - -217. Suppose 3*a = -4*n + 425, 4*n 